{"id":169,"date":"2018-05-18T11:04:34","date_gmt":"2018-05-18T09:04:34","guid":{"rendered":"https:\/\/vector.net\/kariera\/?page_id=169"},"modified":"2026-02-23T16:15:34","modified_gmt":"2026-02-23T15:15:34","slug":"student","status":"publish","type":"page","link":"https:\/\/vector.net\/kariera\/student\/","title":{"rendered":"Strefa studenta"},"content":{"rendered":"","protected":false},"excerpt":{"rendered":"","protected":false},"author":19,"featured_media":0,"parent":0,"menu_order":0,"comment_status":"closed","ping_status":"closed","template":"student-page.php","meta":{"_acf_changed":false,"inline_featured_image":false,"footnotes":""},"class_list":["post-169","page","type-page","status-publish","hentry"],"acf":[],"yoast_head":"<!-- This site is optimized with the Yoast SEO plugin v27.2 - https:\/\/yoast.com\/product\/yoast-seo-wordpress\/ -->\n<title>Strefa studenta - VECTOR | BE ABLE<\/title>\n<meta name=\"description\" content=\"Grupa VECTOR to dynamicznie rozwijaj\u0105cy si\u0119 europejski koncern technologiczny, dzia\u0142aj\u0105cy na rynkach globalnych, w obszarze technologii infrastruktury dost\u0119powej oraz system\u00f3w wymiany danych.\" \/>\n<meta name=\"robots\" content=\"index, follow, max-snippet:-1, max-image-preview:large, max-video-preview:-1\" \/>\n<link rel=\"canonical\" href=\"https:\/\/vector.net\/kariera\/student\/\" \/>\n<meta property=\"og:locale\" content=\"pl_PL\" \/>\n<meta property=\"og:type\" content=\"article\" \/>\n<meta property=\"og:title\" content=\"Strefa studenta - VECTOR | BE ABLE\" \/>\n<meta property=\"og:description\" content=\"Grupa VECTOR to dynamicznie rozwijaj\u0105cy si\u0119 europejski koncern technologiczny, dzia\u0142aj\u0105cy na rynkach globalnych, w obszarze technologii infrastruktury dost\u0119powej oraz system\u00f3w wymiany danych.\" \/>\n<meta property=\"og:url\" content=\"https:\/\/vector.net\/kariera\/student\/\" \/>\n<meta property=\"og:site_name\" content=\"VECTOR | BE ABLE\" \/>\n<meta property=\"article:modified_time\" content=\"2026-02-23T15:15:34+00:00\" \/>\n<meta name=\"twitter:card\" content=\"summary_large_image\" \/>\n<script type=\"application\/ld+json\" class=\"yoast-schema-graph\">{\"@context\":\"https:\/\/schema.org\",\"@graph\":[{\"@type\":\"WebPage\",\"@id\":\"https:\/\/vector.net\/kariera\/student\/\",\"url\":\"https:\/\/vector.net\/kariera\/student\/\",\"name\":\"Strefa studenta - VECTOR | BE ABLE\",\"isPartOf\":{\"@id\":\"https:\/\/vector.net\/kariera\/#website\"},\"datePublished\":\"2018-05-18T09:04:34+00:00\",\"dateModified\":\"2026-02-23T15:15:34+00:00\",\"description\":\"Grupa VECTOR to dynamicznie rozwijaj\u0105cy si\u0119 europejski koncern technologiczny, dzia\u0142aj\u0105cy na rynkach globalnych, w obszarze technologii infrastruktury dost\u0119powej oraz system\u00f3w wymiany danych.\",\"breadcrumb\":{\"@id\":\"https:\/\/vector.net\/kariera\/student\/#breadcrumb\"},\"inLanguage\":\"pl-PL\",\"potentialAction\":[{\"@type\":\"ReadAction\",\"target\":[\"https:\/\/vector.net\/kariera\/student\/\"]}]},{\"@type\":\"BreadcrumbList\",\"@id\":\"https:\/\/vector.net\/kariera\/student\/#breadcrumb\",\"itemListElement\":[{\"@type\":\"ListItem\",\"position\":1,\"name\":\"Strona g\u0142\u00f3wna\",\"item\":\"https:\/\/vector.net\/kariera\/\"},{\"@type\":\"ListItem\",\"position\":2,\"name\":\"Strefa studenta\"}]},{\"@type\":\"WebSite\",\"@id\":\"https:\/\/vector.net\/kariera\/#website\",\"url\":\"https:\/\/vector.net\/kariera\/\",\"name\":\"VECTOR | BE ABLE\",\"description\":\"Grupa VECTOR to dynamicznie rozwijaj\u0105cy si\u0119 europejski koncern technologiczny, dzia\u0142aj\u0105cy na rynkach globalnych, w obszarze technologii infrastruktury dost\u0119powej oraz system\u00f3w wymiany danych.\",\"potentialAction\":[{\"@type\":\"SearchAction\",\"target\":{\"@type\":\"EntryPoint\",\"urlTemplate\":\"https:\/\/vector.net\/kariera\/?s={search_term_string}\"},\"query-input\":{\"@type\":\"PropertyValueSpecification\",\"valueRequired\":true,\"valueName\":\"search_term_string\"}}],\"inLanguage\":\"pl-PL\"}]}<\/script>\n<!-- \/ Yoast SEO plugin. -->","yoast_head_json":{"title":"Strefa studenta - VECTOR | BE ABLE","description":"Grupa VECTOR to dynamicznie rozwijaj\u0105cy si\u0119 europejski koncern technologiczny, dzia\u0142aj\u0105cy na rynkach globalnych, w obszarze technologii infrastruktury dost\u0119powej oraz system\u00f3w wymiany danych.","robots":{"index":"index","follow":"follow","max-snippet":"max-snippet:-1","max-image-preview":"max-image-preview:large","max-video-preview":"max-video-preview:-1"},"canonical":"https:\/\/vector.net\/kariera\/student\/","og_locale":"pl_PL","og_type":"article","og_title":"Strefa studenta - VECTOR | BE ABLE","og_description":"Grupa VECTOR to dynamicznie rozwijaj\u0105cy si\u0119 europejski koncern technologiczny, dzia\u0142aj\u0105cy na rynkach globalnych, w obszarze technologii infrastruktury dost\u0119powej oraz system\u00f3w wymiany danych.","og_url":"https:\/\/vector.net\/kariera\/student\/","og_site_name":"VECTOR | BE ABLE","article_modified_time":"2026-02-23T15:15:34+00:00","twitter_card":"summary_large_image","schema":{"@context":"https:\/\/schema.org","@graph":[{"@type":"WebPage","@id":"https:\/\/vector.net\/kariera\/student\/","url":"https:\/\/vector.net\/kariera\/student\/","name":"Strefa studenta - VECTOR | BE ABLE","isPartOf":{"@id":"https:\/\/vector.net\/kariera\/#website"},"datePublished":"2018-05-18T09:04:34+00:00","dateModified":"2026-02-23T15:15:34+00:00","description":"Grupa VECTOR to dynamicznie rozwijaj\u0105cy si\u0119 europejski koncern technologiczny, dzia\u0142aj\u0105cy na rynkach globalnych, w obszarze technologii infrastruktury dost\u0119powej oraz system\u00f3w wymiany danych.","breadcrumb":{"@id":"https:\/\/vector.net\/kariera\/student\/#breadcrumb"},"inLanguage":"pl-PL","potentialAction":[{"@type":"ReadAction","target":["https:\/\/vector.net\/kariera\/student\/"]}]},{"@type":"BreadcrumbList","@id":"https:\/\/vector.net\/kariera\/student\/#breadcrumb","itemListElement":[{"@type":"ListItem","position":1,"name":"Strona g\u0142\u00f3wna","item":"https:\/\/vector.net\/kariera\/"},{"@type":"ListItem","position":2,"name":"Strefa studenta"}]},{"@type":"WebSite","@id":"https:\/\/vector.net\/kariera\/#website","url":"https:\/\/vector.net\/kariera\/","name":"VECTOR | BE ABLE","description":"Grupa VECTOR to dynamicznie rozwijaj\u0105cy si\u0119 europejski koncern technologiczny, dzia\u0142aj\u0105cy na rynkach globalnych, w obszarze technologii infrastruktury dost\u0119powej oraz system\u00f3w wymiany danych.","potentialAction":[{"@type":"SearchAction","target":{"@type":"EntryPoint","urlTemplate":"https:\/\/vector.net\/kariera\/?s={search_term_string}"},"query-input":{"@type":"PropertyValueSpecification","valueRequired":true,"valueName":"search_term_string"}}],"inLanguage":"pl-PL"}]}},"_links":{"self":[{"href":"https:\/\/vector.net\/kariera\/wp-json\/wp\/v2\/pages\/169","targetHints":{"allow":["GET"]}}],"collection":[{"href":"https:\/\/vector.net\/kariera\/wp-json\/wp\/v2\/pages"}],"about":[{"href":"https:\/\/vector.net\/kariera\/wp-json\/wp\/v2\/types\/page"}],"author":[{"embeddable":true,"href":"https:\/\/vector.net\/kariera\/wp-json\/wp\/v2\/users\/19"}],"replies":[{"embeddable":true,"href":"https:\/\/vector.net\/kariera\/wp-json\/wp\/v2\/comments?post=169"}],"version-history":[{"count":26,"href":"https:\/\/vector.net\/kariera\/wp-json\/wp\/v2\/pages\/169\/revisions"}],"predecessor-version":[{"id":34908,"href":"https:\/\/vector.net\/kariera\/wp-json\/wp\/v2\/pages\/169\/revisions\/34908"}],"wp:attachment":[{"href":"https:\/\/vector.net\/kariera\/wp-json\/wp\/v2\/media?parent=169"}],"curies":[{"name":"wp","href":"https:\/\/api.w.org\/{rel}","templated":true}]}}